
What is -1c6 (base 13) in base 12?
-237
What is -b68 (base 14) in base 9?
-3067
What is -5883 (base 15) in base 10?
-18798
20132 (base 5) to base 6
5552
-143a (base 14) to base 10
-3580
What is 3331 (base 5) in base 8?
722
What is -100000000010011 (base 2) in base 6?
-203535
Convert -220331 (base 4) to base 8.
-5075
Convert 37b5 (base 14) to base 5.
303023
Convert -125026 (base 9) to base 4.
-102201000
What is 100110111001 (base 2) in base 5?
34424
42546 (base 8) to base 6
214130
Convert 700 (base 13) to base 11.
986
-301 (base 9) to base 8
-364
Convert -7d4 (base 14) to base 10.
-1558
21002120 (base 3) to base 15
17ec
-151b0 (base 12) to base 10
-29652
Convert c5 (base 13) to base 7.
320
1011212 (base 4) to base 7
15662
Convert 3120 (base 4) to base 6.
1000
-3003 (base 15) to base 13
-47c1
1002201 (base 3) to base 10
802
What is 36771 (base 8) in base 16?
3df9
What is -154 (base 16) in base 14?
-1a4
1d63 (base 15) to base 5
201033
What is 936 (base 10) in base 13?
570
What is 580 (base 13) in base 15?
434
36b64 (base 12) to base 4
102013330
-3424 (base 16) to base 13
-60ca
Convert 1534 (base 14) to base 3.
12011122
-10100111100 (base 2) to base 4
-110330
-2120311 (base 5) to base 2
-1000101101111010
14e (base 16) to base 10
334
What is -99 (base 16) in base 7?
-306
What is 6d (base 14) in base 13?
76
Convert 145610 (base 7) to base 10.
28427
Convert -1212222 (base 3) to base 7.
-4004
-714 (base 9) to base 12
-404
What is 28 (base 10) in base 14?
20
-9b6 (base 13) to base 6
-11422
43212 (base 5) to base 7
11356
Convert -121020011 (base 3) to base 16.
-2e36
Convert -14000 (base 6) to base 3.
-2222000
-27318 (base 10) to base 14
-9d54
Convert 112011 (base 5) to base 15.
12c1
1112203 (base 4) to base 9
7534
Convert 1221010 (base 3) to base 6.
10303
Convert 3422 (base 5) to base 7.
1264
Convert -14432 (base 7) to base 6.
-30252
What is 7160 (base 10) in base 11?
541a
-3cce (base 16) to base 4
-3303032
Convert -10232010 (base 4) to base 14.
-708c
-110323 (base 4) to base 5
-20324
16241 (base 8) to base 5
213304
Convert -3804 (base 9) to base 11.
-2151
1032023 (base 4) to base 11
3839
What is -1c4 (base 16) in base 14?
-244
17548 (base 9) to base 14
45b3
-52 (base 11) to base 2
-111001
-1674 (base 15) to base 8
-11342
Convert -3000 (base 4) to base 14.
-da
Convert 393 (base 14) to base 2.
1011001101
Convert -87 (base 9) to base 16.
-4f
Convert -1a54 (base 15) to base 5.
-140304
What is -723 (base 16) in base 9?
-2450
Convert 4200 (base 9) to base 14.
119c
-1000010 (base 3) to base 6
-3220
What is 111111101111 (base 2) in base 4?
333233
-1123313 (base 4) to base 2
-1011011110111
What is -885 (base 11) in base 13?
-638
What is -7061 (base 9) in base 16?
-1426
-11021 (base 6) to base 12
-a71
10010010111000 (base 2) to base 13
4381
1214 (base 6) to base 9
361
100010011111010 (base 2) to base 6
213430
Convert -8ce (base 16) to base 11.
-176a
What is -3460 (base 13) in base 3?
-101002001
What is 1248 (base 12) in base 2?
100000011000
Convert -6560 (base 8) to base 15.
-1045
-164 (base 11) to base 13
-119
2003 (base 8) to base 14
535
35206 (base 7) to base 8
21476
Convert -413101 (base 5) to base 8.
-32326
What is 13022 (base 4) in base 8?
712
What is -142c (base 14) in base 15?
-10cd
What is 142123 (base 5) in base 3?
22010000
-5417 (base 13) to base 8
-26641
What is -11616 (base 8) in base 6?
-35102
What is -34433 (base 7) in base 16?
-225b
Convert -32188 (base 10) to base 11.
-22202
What is 250b (base 14) in base 2?
1100101001111
What is 4232332 (base 5) in base 12?
3509b
What is -1042 (base 8) in base 11?
-457
Convert 213002 (base 4) to base 15.
b18
What is 4a8 (base 15) in base 13?
635
What is -63047 (base 8) in base 10?
-26151
Convert -56c (base 16) to base 14.
-712
What is -18563 (base 15) in base 14?
-20a39
-10100111110 (base 2) to base 10
-1342
Convert 201 (base 3) to base 12.
17
Convert -134231 (base 5) to base 10.
-5566
What is -617 (base 13) in base 14?
-53c
Convert -191 (base 12) to base 14.
-141
What is 992 (base 10) in base 4?
33200
Convert 17455 (base 10) to base 13.
7c39
What is -20111010 (base 3) in base 13?
-21c9
8d9 (base 16) to base 7
6414
-1310401 (base 5) to base 12
-12a7a
Convert -1214 (base 6) to base 13.
-19c
What is -1412 (base 7) in base 15?
-268
100010100001110 (base 2) to base 6
213502
Convert 3148 (base 10) to base 9.
4277
Convert 3b0 (base 13) to base 9.
802
-3826 (base 16) to base 10
-14374
2000101021 (base 3) to base 13
15076
-1474 (base 10) to base 11
-1120
10 (base 9) to base 14
9
Convert -1101110001010 (base 2) to base 5.
-211200
What is 24422 (base 5) in base 3?
2112222
Convert 2265 (base 14) to base 16.
1751
447 (base 11) to base 6
2251
17016 (base 8) to base 16
1e0e
Convert 594 (base 15) to base 14.
664
Convert 201 (base 5) to base 14.
39
What is 1010011100110 (base 2) in base 6?
40434
Convert -1023400 (base 6) to base 7.
-265614
-1001100110 (base 2) to base 8
-1146
Convert -2301 (base 5) to base 10.
-326
-33a (base 12) to base 3
-122201
What is 1647 (base 8) in base 13?
56c
What is -465 (base 11) in base 13?
-339
Convert c37 (base 15) to base 5.
42002
Convert -111312 (base 6) to base 3.
-110220022
-1692 (base 10) to base 2
-11010011100
Convert -1937 (base 11) to base 5.
-34320
3550 (base 6) to base 9
1153
What is -5882 (base 10) in base 13?
-28a6
-1b3 (base 12) to base 4
-10113
110001000 (base 2) to base 13
242
What is 609b (base 13) in base 15?
3e25
What is -7532 (base 8) in base 2?
-111101011010
What is -231145 (base 7) in base 4?
-22010122
What is 255 (base 9) in base 16?
d4
What is 45173 (base 9) in base 4?
13111110
Convert 110210 (base 4) to base 2.
10100100100
Convert -38532 (base 11) to base 8.
-153653
What is 40030 (base 7) in base 5?
302000
Convert -642 (base 9) to base 11.
-437
Convert 61 (base 10) to base 13.
49
Convert -1266 (base 10) to base 14.
-666
What is 3a1c (base 13) in base 16?
2072
Convert -10120010 (base 3) to base 8.
-5043
25d (base 14) to base 12
337
1861 (base 11) to base 9
3218
What is -829 (base 13) in base 12?
-977
-172 (base 12) to base 10
-230
What is 111210 (base 4) in base 14?
708
What is a936 (base 15) in base 8?
105762
What is -2311 (base 5) in base 13?
-1c6
What is 1164 (base 7) in base 8?
666
What is -9334 (base 12) in base 8?
-37230
What is -56362 (base 7) in base 9?
-21487
Convert 11000101101111 (base 2) to base 3.
122100201
-1854 (base 9) to base 7
-4105
-264 (base 7) to base 11
-121
Convert -1011001000 (base 2) to base 14.
-38c
Convert -b7bc (base 14) to base 12.
-16436
Convert 230 (base 14) to base 11.
365
120550 (base 6) to base 7
42561
What is 43022 (base 9) in base 10?
28451
Convert -1206 (base 8) to base 10.
-646
What is -12223 (base 6) in base 9?
-2436
What is -7476 (base 9) in base 6?
-41240
111101010 (base 2) to base 15
22a
What is -17235 (base 11) in base 3?
-1020020201
Convert 24 (base 13) to base 12.
26
Convert -11011 (base 5) to base 11.
-628
Convert -1612 (base 9) to base 13.
-734
-14e5 (base 15) to base 6
-32442
Convert -2313 (base 5) to base 6.
-1313
-32104 (base 6) to base 14
-1836
Convert -5907 (base 12) to base 4.
-2123113
What is 20531 (base 8) in base 10?
8537
Convert 3332301 (base 4) to base 2.
11111110110001
Convert -520 (base 7) to base 2.
-100000011
What is 333033 (base 4) in base 6?
30423
Convert 10001001000011 (base 2) to base 10.
8771
Convert -753 (base 8) to base 5.
-3431
What is 100100000011001 (base 2) in base 16?
4819
What is -32b (base 14) in base 5?
-10002
138 (base 16) to base 12
220
Convert b022 (base 14) to base 9.
45401
What is -10110101001 (base 2) in base 12?
-a09
Convert -692 (base 14) to base 2.
-10100011000
8a26 (base 13) to base 8
45542
3567 (base 8) to base 16
777
-67d6 (base 15) to base 8
-53012
5254 (base 9) to base 8
7420
-42 (base 9) to base 2
-100110
What is ca (base 15) in base 7?
361
-7212 (base 15) to base 5
-1232332
Convert 37c5 (base 14) to base 13.
45b1
5a8 (base 12) to base 6
3532
Convert -240444 (base 5) to base 6.
-105030
Convert -101011000110111 (base 2) to base 7.
-121230
Convert 4250 (base 6) to base 8.
1706
What is -11001111011011 (base 2) in base 14?
-4ba3
Convert -6257 (base 12) to base 14.
-3c9d
What is c7 (base 16) in base 12?
147
Convert -1210211101 (base 3) to base 6.
-432444
What is -20516 (base 7) in b